5, 7
Let y(x) = 6*x**3. Let k be y(1). Let v(a) = a**3 - 6*a**2 + 6*a - 2. List the prime factors of v(k).
2, 17
Let w(m) = -5*m - 6. Let c be w(7). Let p = -25 - c. List the prime factors of p.
2
Let c(d) = 3*d**2 + 3*d + 3. Let t be c(6). Suppose 5*v - v + 4*f - 164 = 0, 3*v - t = -f. List the prime factors of v.
2, 11
Suppose -7 + 1 = -3*u - 3*x, 3*x = u + 14. Let d be (u - 0 - -3) + -2. Let l = d - -10. What are the prime factors of l?
3
Let y be ((-10)/15)/((-1)/3). Let t(c) = 17*c. What are the prime factors of t(y)?
2, 17
Let a = -9 - -28. List the prime factors of a.
19
Let y be 1/4 - (-37)/(-4). Let q = -12 - y. Let h = 8 + q. What are the prime factors of h?
5
Let q be (5 - (0 - -2)) + -27. Let i = 45 + q. What are the prime factors of i?
3, 7
Suppose 5*h = -5*q - 5, -2*h = -0*h - 5*q - 26. List the prime factors of h.
3
Let l(x) = x**3 - x**2 + x - 3. Let b be l(0). Let c = -4 - b. Let i = c + 4. What are the prime factors of i?
3
What are the prime factors of (-10)/(-4)*(-156)/(-65)?
2, 3
Let m = 6 + -3. Suppose 2*v - w - 2*w = -5, 0 = w - m. Suppose v*t + 1 = -k - 0, t + 2*k = -8. What are the prime factors of t?
2
List the prime factors of (3 - (-9 - -1)) + 1.
2, 3
List the prime factors of ((-9)/4)/(4/(-64)).
2, 3
Let p be 1 - (1/1 - 3). Suppose -f - 2*o = -0*f - 8, 5*f - p*o = 79. What are the prime factors of f?
2, 7
Let q = -121 + 204. What are the prime factors of q?
83
What are the prime factors of (83 - 3) + (3 - 5)?
2, 3, 13
Suppose 3*x + 6 = 0, -2*u - x = 3*u - 573. What are the prime factors of u?
5, 23
Let g(t) = -t**3 + 2*t**2 + t + 1. What are the prime factors of g(2)?
3
Let h(t) = 7*t**2 - t + 1. Let l be h(1). Let y = l + 1. What are the prime factors of y?
2
Let l = 12 - -5. Let n(c) = c**3 - 5*c**2 - 3*c + 6. Let t be n(5). Let o = l + t. List the prime factors of o.
2
Let t(c) = -c + 1. Let g be t(-3). Suppose -g*r + 54 = -r. What are the prime factors of r?
2, 3
Let j = 91 + 61. What are the prime factors of j?
2, 19
Let x = 88 - 0. What are the prime factors of x?
2, 11
Let t be (-6)/(-2)*4/6. Let n(i) = t - i**2 + 0 + 0*i**2. List the prime factors of n(0).
2
Let s(i) = -i**3 - 11*i**2 + i + 15. Let u = 13 + -24. List the prime factors of s(u).
2
Let t be -2 + 0 + 2 - 1. Let z = 5 - -1. What are the prime factors of t/3 + 50/z?
2
Let q be (-14)/(-3) - 12/(-36). Suppose -q*k + 3*i + 97 + 54 = 0, 3*k - 4*i = 84. List the prime factors of k.
2
Let m be (-12)/(-4) + (2 - 1). Suppose 0 = m*r - 21 - 107. List the prime factors of r.
2
Suppose -w + 5*w + 147 = 5*v, -5*v + w + 138 = 0. What are the prime factors of v?
3
Let x(n) = -n**3 - 4*n**2 + 12*n + 3. List the prime factors of x(-7).
2, 3, 11
Suppose -3*u = 5*g - 69, -4*u + g + 70 = 1. What are the prime factors of u?
2, 3
Suppose 0 = -3*l + 5*l - 4. Suppose 9 = l*i - 3. List the prime factors of i.
2, 3
Let o(h) = 6*h - 5*h**2 + 0*h + 4*h**2 + 2 + 2*h. What are the prime factors of o(6)?
2, 7
Let v = -9 + 12. Suppose 12 = -f - v*l, 2*f = -f - l - 36. Let n = -7 - f. What are the prime factors of n?
5
Let d(n) be the second derivative of 3*n**3/2 - 5*n**2/2 - 5*n. What are the prime factors of d(4)?
31
Let w be ((-2)/(-5))/(18/180). Suppose 3*l + 9 = 0, o - 16 = l + w. List the prime factors of o.
17
Let k(b) = -47*b + 1. What are the prime factors of k(-1)?
2, 3
Let c be ((-1)/(-2))/(3/(-6)). Let p be (-10)/(c*(2 + -1)). Let y = p + -1. List the prime factors of y.
3
Suppose l - 93 = -2*l. What are the prime factors of l?
31
List the prime factors of (20/80)/((-2)/(-56)).
7
Let u = 10 + -6. Suppose 0 = -5*q + w + 40, q + 0*q + u*w = 8. List the prime factors of q.
2
Let n(x) = -x**3 + 4*x. Let w be n(3). Let f be (-9)/w + (-3)/5. Suppose f*c = 4*c - 92. What are the prime factors of c?
23
Suppose -3*b + 97 = 37. Let r = b - 10. What are the prime factors of r?
2, 5
What are the prime factors of (108/(-30))/((-6)/40)?
2, 3
Let k be (-28)/(-10)*(1 + 4). Suppose 0 = -t + 2*t - k. Suppose h = 4*z + t, -2*h + 3*z + 19 = 4*z. What are the prime factors of h?
2, 5
Let y(k) be the third derivative of k**6/120 - k**5/60 - k**4/24 + 23*k**3/6 + 2*k**2. What are the prime factors of y(0)?
23
Let j(a) = -16*a - 25. List the prime factors of j(-17).
13, 19
Suppose -2*d - 7 = -3*d. Let p(r) be the second derivative of r**3/6 - r**2/2 + r. What are the prime factors of p(d)?
2, 3
Let m(w) = w + 11*w - 1 + 0*w. Let s(y) = -y - 7. Let g be s(-8). What are the prime factors of m(g)?
11
What are the prime factors of 5/((-20)/4) + 115?
2, 3, 19
Let w(x) = -x. Let q(r) = 5*r + 3. Let f(n) = q(n) + 4*w(n). Suppose -3*z + 5*v = 3, -6 - 4 = -z - 2*v. What are the prime factors of f(z)?
7
Suppose -76 = 4*g + 4*x, -5*g + 3*x - 79 = 4*x. Let i = -2 - g. What are the prime factors of i?
13
Let x be (-9)/6 - 2/4. Let p = x + -7. List the prime factors of (-105)/p - (-4)/(-6).
11
Let u(l) = -6*l**3 + l**2 + l + 1. Let d be u(-2). Let i = d - 11. Suppose g + o + 5 = -3*o, -5*o - i = -g. List the prime factors of g.
3, 5
Suppose -2*u = -6, 21 = 3*z + 3*u + 3. Let t = z - -4. List the prime factors of t.
7
Let t(m) = m + 5. Let j be t(-6). Let a(f) = -7*f**3 + f. List the prime factors of a(j).
2, 3
Let q be -3*3/(-18)*12. Suppose q + 4 = 5*v. List the prime factors of v.
2
Let m be 2/(-1) + 3*1. Let x = 3 - m. List the prime factors of 1*(-4)/x - -13.
11
Let i be (-2)/(-6) + (-685)/(-15). Suppose 0 = -4*q + i - 2. List the prime factors of q.
11
Let n = 20 - 10. Suppose -4 = -3*i + 4*f, -3*i = f - 2*f - n. List the prime factors of i.
2
Suppose -10 = -5*f - 3*r, -3*r + 8*r + 35 = 2*f. Suppose 8*d - 4*d = f*s, d - 17 = -3*s. List the prime factors of s.
2
Suppose 0 = -3*r - r - 12. Let d = r + 2. List the prime factors of 3 - (2 + 4/d).
5
Let o = -21 + 30. Let c(d) = -d**2 + 9*d + 11. List the prime factors of c(o).
11
Let l = 104 + -36. List the prime factors of l.
2, 17
Let m(v) = -v**2 + 5*v + 10. Let o be m(5). Suppose 0 = -b - b + o. List the prime factors of b.
5
Suppose 3*y + 19 = m, -y - m - 5 = -4. List the prime factors of (y - -6)/((-1)/(-11)).
11
Suppose 0 = 6*y - 2*y + 32. Let o = -5 - y. Suppose 5*l = -3*u + 38, 2*u - 13 = -2*l + o. List the prime factors of l.
7
Let w = -87 + 136. Let a = w + -31. List the prime factors of a.
2, 3
Suppose 3*j + 5*u = 154, 4*u = 3*j - 80 - 29. Suppose -q - 3*q = 4*i - 48, 0 = -4*i + q + j. List the prime factors of i.
11
Let s(h) = -h + 11. Let o be s(6). Suppose -i - 2 = -o. Suppose 6 = c + 4*d, -i*c = -2*c - 2*d. What are the prime factors of c?
2
Suppose -8*n = -2*n - 24. Suppose 0 = -7*q + 25 - n. What are the prime factors of q?
3
Let a(c) = -c**2 + 3*c + 3. Let l(y) = 3*y**3 - 1. Let n be l(1). Let b be (2/4)/(n/12). List the prime factors of a(b).
3
Let y = -19 - -53. What are the prime factors of y?
2, 17
Let u(n) = n**2 - 4*n - 2. Let i be u(-4). Suppose -3*z - 2*d + 43 = 0, -5*d - 24 = -2*z + i. What are the prime factors of z?
17
Suppose 4*f = 5*c + 13, -3*c - 6 = -4*f + 5. Let b be (-10)/3*(-3)/f. Suppose -3*q + 9 = -o, -2*q + 6 = -0*q - b*o. What are the prime factors of q?
3
Let u = 7 - 4. Suppose -2*p = -w - 4, 0*p + p - 2 = -u*w. Suppose 0 = z - w*z - 6. What are the prime factors of z?
2, 3
Let k(h) = -h**3 + 5*h**2 + 7*h - 5. List the prime factors of k(4).
3, 13
Let n(g) = 8*g + 6. Let c(w) = -9*w - 6. Let h(i) = -2*c(i) - 3*n(i). What are the prime factors of h(-3)?
2, 3
Let d = 91 + -50. Suppose -30 - d = -5*y + 4*o, 8 = -2*o. What are the prime factors of y?
11
Let h(s) = -4*s**3 + s**2 + 2*s + 1. Let p be h(-1). Suppose 5*a = 3*t + 36, -3*t + 27 = -2*a + p*a. What are the prime factors of a?
3
Let p(n) = -n + 2. Let u be p(5). Let j(g) = g**2 - g - 1. Let d(q) = 4*q**2 - 6*q - 3. Let w(o) = -d(o) + 5*j(o). What are the prime factors of w(u)?
2
Let q = -4 - -10. Let a(y) = -2*y - 11. Let m(t) = 3*t + 12. Let f(c) = 5*a(c) + 4*m(c). List the prime factors of f(q).
5
List the prime factors of 10/(-2)*-23*18/30.
3, 23
Let f be 4 + (0 + 1 - 3). Suppose 0 = -f*d + 23 + 13. What are the prime factors of d?
2, 3
List the prime factors of (5 + -2 + -2)*39.
3, 13
Let j = 198 - 19. Suppose 5*r + 24 = j. List the prime factors of r.
31
Suppose -8*o + 402 - 2 = 0. List the prime factors of o.
2, 5
Let a(u) = 2*u**3 - 3*u**2 + 4*u